 common factor of 60 and k.
12
Let c = 740 + -740. Let k = -8 + 12. Suppose k*f = -4*q + 4, -5*q = f - 1 - c. What is the highest common factor of f and 7?
1
Suppose -2*h + 61 - 73 = 0, -5*h + 70 = 4*y. What is the highest common factor of 3775 and y?
25
Let l = -362 - -362. Suppose 7*f + 8*f - 825 = l. Calculate the highest common factor of 44 and f.
11
Let x be ((-12450)/55)/(15/(-110)). What is the highest common factor of 100 and x?
20
Suppose -256 = 4*w - 5*w. Let z = -208 + w. Calculate the highest common divisor of z and 192.
48
Let g(d) = d**3 - 17*d**2 + 18. Let b be g(17). Suppose 0 = 10*a - b*a + 72. Let j be (252/(-8))/a*-2. What is the highest common factor of 1 and j?
1
Let z(y) = y**3 - 14*y**2 - 13*y - 2. Let b = -2 - -2. Suppose 2*v - 20 - 10 = b. Let t be z(v). Calculate the highest common factor of 70 and t.
14
Let b be (-4 - -8)*-1 - -35*3. Let d = b + -81. Let s be 16/10 - 6/(-15). What is the highest common factor of d and s?
2
Let p(u) = -3*u**3 - 14*u**2 - 14*u + 8. Let f be p(-4). What is the highest common divisor of 592 and f?
16
Let y(f) = -f**3 - 15*f**2 + 4*f - 26. Let j be y(-8). Let b = 642 + j. What is the greatest common factor of b and 340?
68
Let q = -7222 - -7223. Let d = 10 + 6. What is the greatest common divisor of q and d?
1
Let l be (0 + (-9)/(-2))/((-6 + 1)/(-140)). What is the greatest common factor of 7686 and l?
126
Let c(s) = 6*s**3 - 7*s**2 - 3*s + 64. Let z be c(5). Let f be z/(-40)*65/(-3). Calculate the highest common factor of 26 and f.
26
Suppose -92*s + 8426 - 2643 + 1485 = 0. What is the highest common factor of s and 1501?
79
Let u be (1*-18)/(1 - 3). Suppose 103*w = 97*w + 12. Suppose -w*v + 149 - u = 0. What is the greatest common factor of v and 28?
14
Let q(f) = 88*f**2 + 52*f - 67*f**2 - f**3 - 34 - 6*f - 43*f**2. Let g be q(-24). What is the highest common divisor of g and 434?
14
Let p be (124/6)/(76/12 + -7). Let u = p - -37. Let c be (-3 - 1) + (-50)/(u - 11). What is the greatest common factor of c and 4?
2
Let d = 3840 + -3139. What is the highest common factor of d and 1?
1
Suppose -2*c + c = 5*r - 132, -5*c = -4*r - 747. Suppose -2*k - 5*k + c = 0. Suppose -u = -k + 1. What is the highest common divisor of 200 and u?
20
Let h be ((-40)/105*9)/((-8)/140). Calculate the greatest common divisor of h and 735.
15
Let m = -3586 - -4270. Calculate the highest common factor of m and 399.
57
Let h = 14719 - 11299. What is the highest common factor of 198 and h?
18
Let s(u) = -19*u - 85. Let h(g) = -39*g - 172. Let b(x) = -4*h(x) + 9*s(x). Let v be b(-7). What is the greatest common divisor of v and 63?
7
Let w(k) = -k**3 + 4*k**2 - k + 9. Let s be w(3). Suppose -11*d - 12 = -s*d. Calculate the highest common factor of d and 96.
3
Let y be 1*19/((-247)/(-120965)). What is the highest common factor of y and 5?
5
Let z = -184 + 180. Let x be (-118)/(-20) - z/40. What is the greatest common divisor of 48 and x?
6
Let p be (-38)/133 + (8832/(-14))/(-3). Suppose -3*x = 12*x - p. Suppose 3*m - x + 8 = 0. What is the highest common divisor of m and 2?
2
Let f be (-594)/(-330) - 1412/(-10). Calculate the greatest common divisor of 2167 and f.
11
Suppose 0 = x + 2*x - 3. Let n(t) = -224 + 17*t - 226 + 448. Let j be n(x). What is the greatest common factor of j and 45?
15
Let u(h) = h**3 - 9*h**2 - 21*h + 7. Let o be u(11). Let t(s) = s**3 + 5*s**2 + 2. Let g be t(-5). Calculate the highest common divisor of o and g.
2
Let a be (4/6 - 85/15) + 441882/294. What is the highest common factor of a and 8?
2
Let m(q) = -q**3 - 12*q**2 - 18*q - 17. Let z be m(-11). Let a be z/810 + (-27376)/(-27). Calculate the greatest common divisor of a and 39.
39
Suppose -5*v + 89 = -4*a, 0 = v - 7174*a + 7178*a + 11. Let w = -675 - -1001. Let t = -183 + w. Calculate the highest common factor of t and v.
13
Suppose 325441 = 2*c + 25*c - 458774. What is the greatest common divisor of 185 and c?
185
Let v(c) = 5*c**2. Let o be v(4). Let w = -51 + o. Let k(b) = -673*b - 5796. Let z be k(-9). What is the highest common divisor of z and w?
29
Let z(d) = -d**3 - 5*d**2 + 7*d + 2. Let p be z(-6). Let t be -3 - 31/(p/4). Suppose -t*l = -23*l - 75. What is the highest common factor of l and 6?
3
Let m be (-160)/6*9/2. Let j = -1983 - -1885. Let l = j - m. What is the greatest common divisor of l and 22?
22
Let k(n) = 3*n**2 + 11*n - 16. Let r be k(-15). Let l be 74 + (5/1 - (-2 + (-7 - -12))). What is the highest common factor of r and l?
38
Let i = -211 + 792. Suppose -i = -5*z + 359. Calculate the greatest common divisor of z and 47.
47
Let p be ((-62)/6 - -9) + -1 + (-957)/(-9). Let i(f) = f**3 + f**2 - f + 294. Let x be i(0). Let h = x + -34. What is the highest common factor of p and h?
52
Let u be (-4 + 3 - -3)/((-6)/(-87)). Let r(p) = p**3 + 8*p**2 - p - 7. Let x be r(-6). Let i = -42 + x. Calculate the greatest common factor of i and u.
29
Let c = -6407 + 6901. Calculate the highest common divisor of c and 78.
26
Suppose -6*h + 5*h = -43. Suppose 15815 - 140085 = -578*s. Calculate the greatest common divisor of s and h.
43
Suppose -10*k = -5*k + 3*l - 259, 0 = -4*k - 5*l + 215. Suppose 2*n - k = 74. What is the highest common divisor of n and 31?
31
Let v(u) = u**2 - 5*u - 7. Let f = -18 + 17. Let y be f + -2 + 13 + -3. Let k be v(y). Calculate the greatest common factor of 1 and k.
1
Let o(z) = -z**3 + 5*z**2 - 49*z + 153. Let y be o(3). Let f = 8 - 6. Suppose -i - f*i = -48. Calculate the greatest common divisor of y and i.
8
Suppose 3*t = 21*t - 90. What is the highest common factor of 16 and t?
1
Let j(v) = -37*v - 7. Let x be j(-4). Let z = x + -36. What is the greatest common factor of 5 and z?
5
Suppose n + 3000 = 5*w, -2*w + 1104 = 2*n - 96. What is the greatest common divisor of 9 and w?
3
Let x be ((-9)/2*2)/(-1). Suppose 3*p = -3*w - 18, w + 12 = -2*p + 4*w. Let j be (-16)/(-24) + (208/p)/(-2). Calculate the highest common divisor of j and x.
9
Let f = 93248 - 66505. Calculate the greatest common divisor of 47 and f.
47
Suppose -197*t + 2144 = -165*t. What is the greatest common divisor of 134 and t?
67
Suppose -105*w = -25815 + 5025. Calculate the highest common divisor of w and 72.
18
Suppose 2*n - 21 = -n. Let l(o) = o**2 - 5*o - 3. Let i be l(n). Let q(x) = x**2 - 288*x - 2269. Let s be q(-8). Calculate the highest common factor of i and s.
11
Suppose q = w - 118, 4*w = 3*q + 317 + 32. Let k = q - -191. Calculate the greatest common divisor of 34 and k.
34
Suppose 0 = 8*b + 2*j - 8616, -b + 3*j + 67 + 1036 = 0. What is the greatest common factor of b and 52?
13
Suppose x = -0*x + 26. Let t be (-2)/(-16) - (-1238271)/(-696). Let c = -1571 - t. What is the greatest common factor of x and c?
26
Suppose -33*o = -63888 - 38940. What is the greatest common factor of 82 and o?
82
Let n = 33765 + -32940. What is the highest common divisor of 1725 and n?
75
Suppose -3*d - 218 = 346. Let z be 12/(-4) + d/(-1 + -3). Calculate the highest common factor of 4 and z.
4
Let s = -3667 + 5695. Calculate the greatest common factor of s and 312.
156
Suppose 5*p - 2*f - 3744 = 2*f, -f - 2993 = -4*p. Suppose 3*r = -5*j + 924, 0 = -4*j - 0*j + 2*r + p. Calculate the greatest common factor of j and 6.
6
Suppose 33*q - 45*q = -32*q + 14040. Calculate the highest common divisor of 104 and q.
26
Let v = 50 + -48. Let k be (v - -9 - 2)*3. What is the highest common factor of 108 and k?
27
Suppose 12*c - 155 = 7*c. Let k be (-30)/(-8)*(-11 + c). Let u(v) = -v**3 - 27*v**2 + 30*v + 86. Let t be u(-28). What is the greatest common factor of k and t?
15
Let z(k) = 40*k + 112. Let y be z(-2). Calculate the greatest common divisor of 2144 and y.
32
Let u(t) = 2*t**2 - 39*t + 237. Let c be u(5). Let o be ((-5)/15 - -1) + 1238/6. Calculate the highest common divisor of o and c.
23
Suppose 33*o - 2594 = 4472 + 293. Calculate the highest common factor of o and 3.
1
Let r(a) = 2*a**2 + 5 - 8*a + a**3 + 3*a**2 + a. Let s be r(-6). Let k be (-8)/14 + (-11178)/(-966). What is the highest common divisor of k and s?
11
Let k(j) = j**3 + 12*j**2 - 16*j + 11. Suppose 6 = -3*z - 12. Let i be (-18)/z*(-26)/6. Let c be k(i). Calculate the highest common factor of c and 10.
10
Let d be ((-126)/(-35))/(36/1380). Calculate the greatest common divi